Calculate the remainder when 700 is divided by 22.
18
Calculate the remainder when 204 is divided by 70.
64
What is the remainder when 325 is divided by 31?
15
Calculate the remainder when 1146 is divided by 8.
2
Calculate the remainder when 632 is divided by 204.
20
Calculate the remainder when 739 is divided by 224.
67
What is the remainder when 709 is divided by 151?
105
Calculate the remainder when 173 is divided by 36.
29
What is the remainder when 400 is divided by 194?
12
What is the remainder when 269 is divided by 15?
14
What is the remainder when 531 is divided by 180?
171
What is the remainder when 272 is divided by 11?
8
What is the remainder when 3677 is divided by 46?
43
Calculate the remainder when 3981 is divided by 9.
3
Calculate the remainder when 56 is divided by 6.
2
Calculate the remainder when 120 is divided by 61.
59
Calculate the remainder when 4613 is divided by 31.
25
Calculate the remainder when 173 is divided by 51.
20
Calculate the remainder when 6189 is divided by 129.
126
What is the remainder when 1196 is divided by 63?
62
Calculate the remainder when 578 is divided by 48.
2
Calculate the remainder when 479 is divided by 18.
11
Calculate the remainder when 125 is divided by 27.
17
Calculate the remainder when 1330 is divided by 415.
85
What is the remainder when 1189 is divided by 585?
19
Calculate the remainder when 271 is divided by 56.
47
Calculate the remainder when 304 is divided by 51.
49
Calculate the remainder when 70 is divided by 60.
10
What is the remainder when 1713 is divided by 33?
30
Calculate the remainder when 500 is divided by 105.
80
What is the remainder when 139 is divided by 47?
45
Calculate the remainder when 488 is divided by 3.
2
What is the remainder when 93 is divided by 39?
15
Calculate the remainder when 3950 is divided by 6.
2
What is the remainder when 172 is divided by 29?
27
Calculate the remainder when 9568 is divided by 55.
53
What is the remainder when 159 is divided by 49?
12
Calculate the remainder when 287 is divided by 48.
47
What is the remainder when 62 is divided by 22?
18
What is the remainder when 79 is divided by 22?
13
Calculate the remainder when 107 is divided by 35.
2
Calculate the remainder when 158 is divided by 33.
26
What is the remainder when 2659 is divided by 140?
139
Calculate the remainder when 37 is divided by 7.
2
Calculate the remainder when 1949 is divided by 26.
25
What is the remainder when 6122 is divided by 39?
38
Calculate the remainder when 62 is divided by 43.
19
What is the remainder when 712 is divided by 65?
62
What is the remainder when 1728 is divided by 54?
0
What is the remainder when 15 is divided by 14?
1
What is the remainder when 348 is divided by 50?
48
Calculate the remainder when 13419 is divided by 31.
27
What is the remainder when 1282 is divided by 60?
22
What is the remainder when 181 is divided by 1?
0
What is the remainder when 225 is divided by 109?
7
Calculate the remainder when 1218 is divided by 13.
9
What is the remainder when 179 is divided by 14?
11
What is the remainder when 514 is divided by 74?
70
Calculate the remainder when 370 is divided by 312.
58
What is the remainder when 201 is divided by 64?
9
What is the remainder when 187 is divided by 48?
43
Calculate the remainder when 47 is divided by 5.
2
Calculate the remainder when 78 is divided by 27.
24
Calculate the remainder when 100 is divided by 17.
15
What is the remainder when 2476 is divided by 71?
62
What is the remainder when 74 is divided by 7?
4
Calculate the remainder when 346 is divided by 84.
10
What is the remainder when 7040 is divided by 14?
12
What is the remainder when 509 is divided by 75?
59
What is the remainder when 116 is divided by 52?
12
What is the remainder when 2897 is divided by 28?
13
Calculate the remainder when 3671 is divided by 1219.
14
Calculate the remainder when 368 is divided by 174.
20
What is the remainder when 2705 is divided by 41?
40
Calculate the remainder when 83 is divided by 14.
13
Calculate the remainder when 143 is divided by 49.
45
Calculate the remainder when 55 is divided by 22.
11
Calculate the remainder when 387 is divided by 2.
1
What is the remainder when 589 is divided by 196?
1
Calculate the remainder when 946 is divided by 25.
21
What is the remainder when 324 is divided by 104?
12
Calculate the remainder when 331 is divided by 111.
109
What is the remainder when 158 is divided by 18?
14
What is the remainder when 258 is divided by 93?
72
What is the remainder when 52 is divided by 50?
2
What is the remainder when 97 is divided by 90?
7
Calculate the remainder when 397 is divided by 221.
176
Calculate the remainder when 112 is divided by 42.
28
Calculate the remainder when 112 is divided by 57.
55
Calculate the remainder when 134 is divided by 114.
20
Calculate the remainder when 159 is divided by 25.
9
Calculate the remainder when 351 is divided by 8.
7
What is the remainder when 165 is divided by 57?
51
What is the remainder when 203 is divided by 43?
31
Calculate the remainder when 783 is divided by 28.
27
What is the remainder when 515 is divided by 178?
159
What is the remainder when 26 is divided by 5?
1
What is the remainder when 256 is divided by 90?
76
What is the remainder when 98 is divided by 43?
12
Calculate the remainder when 8838 is divided by 268.
262
Calculate the remainder when 1836 is divided by 283.
138
What is the remainder when 101 is divided by 16?
5
Calculate the remainder when 2328 is divided by 117.
105
Calculate the remainder when 715 is divided by 30.
25
Calculate the remainder when 5217 is divided by 373.
368
Calculate the remainder when 276 is divided by 57.
48
What is the remainder when 55 is divided by 30?
25
What is the remainder when 866 is divided by 14?
12
What is the remainder when 63 is divided by 37?
26
What is the remainder when 88 is divided by 57?
31
What is the remainder when 208 is divided by 38?
18
What is the remainder when 881 is divided by 282?
35
Calculate the remainder when 384 is divided by 100.
84
Calculate the remainder when 508 is divided by 251.
6
Calculate the remainder when 1326 is divided by 120.
6
What is the remainder when 282 is divided by 5?
2
What is the remainder when 6900 is divided by 39?
36
Calculate the remainder when 365 is divided by 103.
56
Calculate the remainder when 423 is divided by 10.
3
What is the remainder when 1616 is divided by 3?
2
Calculate the remainder when 934 is divided by 24.
22
Calculate the remainder when 589 is divided by 11.
6
Calculate the remainder when 142 is divided by 36.
34
Calculate the remainder when 313 is divided by 19.
9
What is the remainder when 1834 is divided by 1827?
7
Calculate the remainder when 180 is divided by 35.
5
Calculate the remainder when 264 is divided by 37.
5
Calculate the remainder when 2255 is divided by 478.
343
Calculate the remainder when 50 is divided by 6.
2
What is the remainder when 174 is divided by 8?
6
Calculate the remainder when 1468 is divided by 147.
145
What is the remainder when 448 is divided by 63?
7
Calculate the remainder when 1481 is divided by 33.
29
What is the remainder when 413 is divided by 107?
92
Calculate the remainder when 1195 is divided by 21.
19
What is the remainder when 1812 is divided by 6?
0
What is the remainder when 3026 is divided by 61?
37
Calculate the remainder when 44603 is divided by 236.
235
Calculate the remainder when 3221 is divided by 11.
9
Calculate the remainder when 2964 is divided by 297.
291
Calculate the remainder when 450 is divided by 34.
8
What is the remainder when 10118 is divided by 46?
44
Calculate the remainder when 159 is divided by 73.
13
Calculate the remainder when 246 is divided by 34.
8
What is the remainder when 111 is divided by 29?
24
What is the remainder when 1016 is divided by 20?
16
What is the remainder when 440 is divided by 14?
6
What is the remainder when 627 is divided by 134?
91
Calculate the remainder when 3208 is divided by 11.
7
Calculate the remainder when 1958 is divided by 10.
8
What is the remainder when 12 is divided by 3?
0
Calculate the remainder when 2538 is divided by 2528.
10
Calculate the remainder when 1448 is divided by 478.
14
Calculate the remainder when 129 is divided by 48.
33